3311
In base 13, what is -11 + -159567?
-159578
In base 3, what is 12122001201022 + -100?
12122001200222
In base 3, what is 1101021211 - 11011?
1101010200
In base 13, what is 198b88 + 13?
198b9b
In base 5, what is -143131240103 - 4?
-143131240112
In base 7, what is 22 + -3110432?
-3110410
In base 9, what is -34652 - -8?
-34643
In base 14, what is -235 + -247dca?
-248221
In base 13, what is -3 + 3320b6?
3320b3
In base 8, what is 10 + -1376252?
-1376242
In base 12, what is -62a - 270661?
-27108b
In base 8, what is 53770 - -12551?
66541
In base 10, what is 65703 + 2797?
68500
In base 6, what is 4 + -10330514530?
-10330514522
In base 15, what is -65538 + 8?
-65530
In base 8, what is 10 + -711305057?
-711305047
In base 7, what is 12054 - -345345?
360432
In base 3, what is -2111120 + 20200220201?
20121102011
In base 4, what is 1101321200132 - -10?
1101321200202
In base 14, what is 5813 + -32c0?
2533
In base 9, what is -1337480580 + -5?
-1337480585
In base 16, what is -7a + -57d3e?
-57db8
In base 9, what is -4 - 280738627?
-280738632
In base 6, what is -10 + 115200445?
115200435
In base 15, what is 1151a + 3c?
11557
In base 14, what is -1221ca - 42?
-12222c
In base 4, what is 232 - -1231000132?
1231001030
In base 12, what is -8a7 + -b16b9?
-b23a4
In base 8, what is -14416614 + -116?
-14416732
In base 5, what is -3332 + 4441041?
4432204
In base 9, what is 2067680 + -52?
2067627
In base 14, what is 3a + 73c8?
7424
In base 11, what is -2 + 6506309a?
65063098
In base 11, what is -15a031 + a?
-15a022
In base 14, what is -170 + -8c52?
-8dc2
In base 13, what is 761 + -6969?
-6208
In base 16, what is 71a30fe + -4?
71a30fa
In base 9, what is -357065 + 426?
-356538
In base 2, what is -11000 - 1000010100101111101110?
-1000010100110000000110
In base 6, what is 10 - 40335052?
-40335042
In base 15, what is -295 - 1dda9?
-1e14e
In base 14, what is 76a + 1415c?
148c8
In base 4, what is -132 - 10103320023?
-10103320221
In base 7, what is -63505610 + -11?
-63505621
In base 15, what is 22d8 - -7088?
9371
In base 4, what is -233 + 1002321213220?
1002321212321
In base 6, what is 12441240122 - -1?
12441240123
In base 11, what is 17 + 203313?
20332a
In base 7, what is -4143 + -14252?
-21425
In base 14, what is 65d - -4d4b?
55aa
In base 9, what is 11575 + -111476?
-88801
In base 4, what is 12122210 + -12001?
12110203
In base 6, what is 124 + -24305302?
-24305134
In base 6, what is -1231404124 + -10?
-1231404134
In base 3, what is 10210000012001211 + -10?
10210000012001201
In base 13, what is -356ab48 - -5?
-356ab43
In base 5, what is -114023330 - 2?
-114023332
In base 13, what is -172 + 16a0?
152b
In base 3, what is 21201002011102001 + 1?
21201002011102002
In base 16, what is -1 - -37b761b?
37b761a
In base 10, what is -1606 - 23829?
-25435
In base 2, what is 1 - -10000000100010010000000001?
10000000100010010000000010
In base 3, what is 22021120101 - 1?
22021120100
In base 16, what is 519e8 - -57?
51a3f
In base 16, what is 1ea - b98d8?
-b96ee
In base 5, what is 2130104031303 - 10?
2130104031243
In base 6, what is 41333 + 12242?
54015
In base 3, what is -101201121221 - -22?
-101201121122
In base 15, what is -9dc2c8e + -5?
-9dc2c94
In base 12, what is 56648732 - 2?
56648730
In base 11, what is -56307 + -43?
-5634a
In base 11, what is -491909 + 37?
-491882
In base 13, what is 3b2 + ab6b5?
aba97
In base 8, what is 70 + -7556225?
-7556135
In base 12, what is -233423 - 47?
-23346a
In base 6, what is -250 - 222011414?
-222012104
In base 8, what is 2 + 10076405?
10076407
In base 16, what is -465ef3 - -3?
-465ef0
In base 10, what is 78324135 - 5?
78324130
In base 11, what is 97974 - -a74?
98938
In base 7, what is 251151 + 46?
251230
In base 16, what is -7977 - -37?
-7940
In base 8, what is -672 + -3426?
-4320
In base 9, what is -5 + -42571875?
-42571881
In base 15, what is e + -253823?
-253814
In base 10, what is -7 - -8561414?
8561407
In base 16, what is -20ac29 - 3c?
-20ac65
In base 7, what is 626342 - 403?
625636
In base 15, what is a74 - -8ad?
1432
In base 12, what is 18060 + 10a9?
19149
In base 3, what is -10 - 212210220022112?
-212210220022122
In base 7, what is 1 - -4561324466?
4561324500
In base 9, what is 534 - -1015837?
1016472
In base 14, what is 18dc03 - 10?
18dbd3
In base 15, what is 3c + 72a57?
72a94
In base 9, what is 308 + 42104?
42413
In base 5, what is 4 - -22211024343?
22211024402
In base 11, what is 47 - 1a60a8?
-1a6061
In base 3, what is 1002 - 2212112012020?
-2212112011011
In base 8, what is -22123 + -3731?
-26054
In base 2, what is -11000001110011111 + -11100000?
-11000010001111111
In base 12, what is -81a640 + 5?
-81a637
In base 7, what is -12126 + 501?
-11325
In base 7, what is 6363 + 40135?
46531
In base 10, what is -4231498 + 3?
-4231495
In base 10, what is -89948181 + -1?
-89948182
In base 15, what is 1 + 13534b7?
13534b8
In base 7, what is -305524264 - 1?
-305524265
In base 15, what is 5 + -17e2e19c?
-17e2e197
In base 7, what is -5210642 - 234?
-5211206
In base 13, what is -40b54 - -48?
-40b09
In base 12, what is 40 + -7457b?
-7453b
In base 6, what is 11135 + -2401?
4334
In base 3, what is -111222 + 21202110020?
21201221021
In base 11, what is -10 - 21404a5?
-2140505
In base 3, what is -11021 - 1222212100100?
-1222212111121
In base 7, what is 202055 + -111?
201644
In base 11, what is 2140 + -25a?
1991
In base 9, what is 110047888 + -4?
110047884
In base 7, what is -543021 + 4650?
-535041
In base 15, what is 16 - 113c6e?
-113c58
In base 2, what is 10 - -1000001101011110?
1000001101100000
In base 15, what is -2 - -2ba56e?
2ba56c
In base 5, what is 3140422001 - -2?
3140422003
In base 13, what is -4 + a4a4167?
a4a4163
In base 11, what is -15911 - 164?
-15a75
In base 8, what is -1202324 - 1172?
-1203516
In base 6, what is -423522 + 230450?
-153032
In base 15, what is -10c7 + 405?
-bc2
In base 4, what is -10021130302011 - 3?
-10021130302020
In base 11, what is 300 - 990a?
-960a
In base 14, what is 5 - -1066c9a9?
1066c9b0
In base 13, what is -40b72 + -3c26?
-44a98
In base 8, what is 1 - 513342257?
-513342256
In base 12, what is 1 + 32a4b520?
32a4b521
In base 6, what is -42231325 + 103?
-42231222
In base 4, what is 0 + -1000031312013?
-1000031312013
In base 3, what is 1011021 + 10112201220?
10120220011
In base 2, what is 1111011100001110 + 10110001?
1111011110111111
In base 6, what is 1435001 - 2324?
1432233
In base 5, what is -1403334332333 + -4?
-1403334332342
In base 10, what is 2846 + -3016?
-170
In base 15, what is -1 + b97b4e2?
b97b4e1
In base 5, what is -13411400 - -1202?
-13410143
In base 14, what is 29 - -56bc0?
56c09
In base 8, what is -466 + -424074?
-424562
In base 13, what is -35561 + 265?
-352c9
In base 10, what is -29683292 + 34?
-29683258
In base 13, what is 61b302a - -2?
61b302c
In base 5, what is 144233 - -232240?
432023
In base 5, what is -324040 + -11120?
-340210
In base 11, what is -21a976 - 139?
-220004
In base 16, what is -836226b + 1?
-836226a
In base 7, what is -15332 - -6634?
-5365
In base 2, what is 1 - 1011001111000111100000000?
-1011001111000111011111111
In base 11, what is 2966 - 1207?
175a
In base 15, what is -cc1 + -82d7?
-90a8
In base 15, what is -10ac350 - -11?
-10ac33e
In base 10, what is 13341 - 367?
12974
In base 3, what is -120202211101 + 1211?
-120202202120
In base 10, what is 162 - -6100287?
6100449
In base 3, what is -20001011221221220 - 0?
-20001011221221220
In base 15, what is -4b8782a + 2?
-4b87828
In base 13, what is 6c - a4c523?
-a4c484
In base 2, what is -10111 - -10001011001111101101?
10001011001111010110
In base 7, what is -2 + -534215154?
-534215156
In base 5, what is 4 - 240032234312?
-240032234303
In base 8, what is 141033015 - 3?
141033012
In base 16, what is c19d7f - -2?
c19d81
In base 14, what is -8c8b7a - 6?
-8c8b82
In base 3, what is -111 - 2011220000?
-2011220111
In base 13, what is -4 + -19ca863?
-19ca867
In base 2, what is -111000101 + -110010101111011000?
-110010110110011101
In base 6, what is 510120 - 115221?
350455
In base 3, what is -122112220 - 22211200?
-222101120
In base 3, what is 110 + 102121102200?
102121110010
In base 14, what is 70a90 - 6a1?
703cd
In base 12, what is -1 + b7134210?
b713420b
In base 4, what is -31 + -10023233311?
-10023300002
In base 11, what is 2 - -6160875?
6160877
In b